 divisor of y and f?
8
Let f be 1/5 + (-5373)/(-135). What is the highest common factor of 16 and f?
8
Let f(m) = -30*m + 4. Let y be f(-2). What is the highest common divisor of 40 and y?
8
Let n(b) = b**2 - 38*b + 331. Let w be n(11). Let p = -1 + -4. Let c be p*1*(-32 - 2). Calculate the highest common divisor of w and c.
34
Suppose 8 = o + o. Let m = 113 - 109. What is the greatest common factor of o and m?
4
Suppose -r - 7 = -13. Let z be (16/r)/(16/816). Calculate the greatest common factor of z and 17.
17
Let x(f) = 6*f**2 - 2*f - 4. Let c be x(-7). Let a = 439 - c. What is the greatest common divisor of 54 and a?
27
Let o(s) = -2*s - 6. Let i be o(-16). Suppose -4*f + 42 + i = 0. Let k = 33 - f. Calculate the greatest common factor of k and 40.
8
Let k be ((-18)/10)/(10/(-50)). Suppose -5*f = -4*c - 75, 2*f - 2*c = -0*c + 30. Suppose f - 3 = 2*d. What is the highest common factor of k and d?
3
Suppose 17*d = 2*n + 16*d - 35, -15 = -n + d. What is the highest common divisor of n and 190?
10
Let o be 11/(-3 + (-12)/(-3)). Let h be 12 + -3 + (0 - -2). Calculate the highest common factor of h and o.
11
Let h = -72 - -152. Let w(q) = -2*q**2 + 26*q - 14. Let v be w(12). Calculate the highest common factor of v and h.
10
Suppose 86*u - 171 = 84*u + s, -5*u + 455 = 3*s. Calculate the greatest common divisor of 8 and u.
8
Suppose 17 = -3*s - 46. Let p = s + 31. Let q = -3 - -5. What is the highest common divisor of q and p?
2
Suppose -5*o = -0*o + 3*j + 7, -j = -2*o + 6. Let w be (-19)/(1 - -3 - 3). Let h = w - -24. Calculate the highest common divisor of o and h.
1
Let q = 9 - 4. Suppose 5*c + 3*o - 2*o - 14 = 0, -q*c + o + 16 = 0. Calculate the highest common factor of 24 and c.
3
Let j(b) be the third derivative of b**5/60 - b**4/12 + b**3/3 - b**2. Suppose q - 6*q = -15. Let m be j(q). Calculate the greatest common divisor of 15 and m.
5
Let x = 469 + -430. What is the highest common divisor of x and 624?
39
Let c = -534 + 538. What is the highest common divisor of 1108 and c?
4
Let y be (-4)/(3/24*-2). Let d be 3/4 + (-14)/8. Let g be ((-2)/(-3))/(d/(-6)). What is the highest common divisor of g and y?
4
Let t(g) be the third derivative of 11*g**4/12 - g**3/3 + 10*g**2. Let h be t(1). What is the highest common divisor of 8 and h?
4
Let p = -28 + 25. Let c = 108 + p. What is the highest common divisor of 15 and c?
15
Suppose -4 = -4*p, -4*o + 559 - 40 = 3*p. Suppose 0*a + 4*i = 2*a - 68, 4*a - i - o = 0. Calculate the greatest common divisor of 16 and a.
16
Suppose -4*u = -1976 - 868. What is the highest common factor of u and 18?
9
Let u = -483 + 927. Let r = -136 + u. Let y(p) = p**2 + 5*p + 14. Let l be y(-7). What is the highest common factor of l and r?
28
Let c be 2/(-27) + (-284778)/(-6318). Let t(p) = -p**3 + 6*p**2 - 4*p. Let v be t(5). What is the highest common divisor of v and c?
5
Let i(j) = j**2 + 1. Let b(h) = -3*h**2 + 4*h - 2. Let w(l) = -b(l) - 2*i(l). Let s be w(-2). What is the highest common factor of 18 and s?
6
Suppose -2*f + 84 + 672 = 0. Suppose f + 198 = 2*q. Calculate the greatest common factor of q and 32.
32
Let z(o) = -o**3 - 2*o**2 + 1. Suppose 4*l = 3*b - 7, -3*l - 12 = 5*b + 15. Let m be z(b). Calculate the greatest common factor of 4 and m.
2
Let t(p) = p**2 + 15. Let v be t(0). Suppose 0 = 4*b - y - 327, -2*b + 4*b - 159 = 5*y. Let h = -22 + b. Calculate the greatest common divisor of v and h.
15
Let k be (-1 - -4) + (-16)/(-4). Let c = 26 + k. Suppose c + 171 = 6*a. What is the greatest common factor of 374 and a?
34
Suppose -2*r = 3*y - 79 - 120, -2*r - 5*y = -197. Let w = r + 193. Calculate the highest common divisor of w and 49.
49
Suppose 2*i - 5*k - 33 = 0, 50*i - 3*k = 47*i + 63. Calculate the greatest common factor of i and 3.
3
Let b(h) = 2*h**2 + 14*h + 23. Let y be b(-2). Let r(m) = m**3 - 4*m**2 - 5*m + 3. Let s be r(5). Calculate the greatest common divisor of y and s.
3
Let v(a) = 33*a - 9. Let s be v(4). Suppose -s = -6*d - 3. Calculate the greatest common factor of d and 30.
10
Suppose p - 459 = -2*n, 3*p = n - 214 - 19. Let d = -2274 + 2320. What is the greatest common factor of d and n?
46
Let w(r) = -3 + 0 - 13 - 2*r. Let h be w(-14). Calculate the highest common divisor of 24 and h.
12
Let k be ((-27)/6 - -3)/(15/(-260)). Calculate the highest common divisor of k and 2.
2
Let p = 83 - 59. Let o(w) = -5*w**3 + w**2. Suppose 0 = x + 4*i - 11, 4*x - 2*i - 2*i = -16. Let d be o(x). What is the highest common factor of d and p?
6
Suppose -54 = -16*f + 90. What is the highest common factor of 99 and f?
9
Let j be 21*(-2)/(6*-1). Let v be j*(-3 + (-82)/(-14)). Suppose 0*g + v = 2*g. What is the greatest common divisor of 5 and g?
5
Let n be 1 - (1 - 9) - -297. Calculate the greatest common factor of n and 18.
18
Suppose -o + 3*s + 50 = 0, -o + 42 = 3*s - 4*s. Let v(a) = -2*a + 20. Let t be v(-9). What is the highest common factor of t and o?
38
Let d = -26 + 22. Let v = 10 + d. Calculate the greatest common divisor of v and 6.
6
Let p(q) = -2*q**3 - 77*q**2 + 32*q - 3. Let k be p(-39). Calculate the highest common divisor of 40 and k.
10
Let l = 356 - 166. Suppose 4*t - 638 = -l. What is the highest common factor of 14 and t?
14
Suppose p = -d - 2*p + 83, 0 = -4*d - 4*p + 340. Let g be 430/20*(-1 + 7). What is the highest common factor of g and d?
43
Suppose -4*s - 3 = 5*b, -2*s + 5*b - 4*b + 9 = 0. Calculate the greatest common divisor of s and 111.
3
Suppose -5601*d + 5595*d + 1368 = 0. Calculate the highest common divisor of d and 2.
2
Let p(x) = 4*x**2 + x - 2. Let a be p(2). Let k = a - 14. Suppose 2 - 5 = f, -k*h + 4*f + 36 = 0. What is the highest common factor of 96 and h?
12
Let j(n) = -22*n**3 - n**2 - n. Suppose -5*f + f = 4. Let a be j(f). Let o be ((1 - 7) + (-8 - 153/(-18)))*-2. What is the highest common factor of o and a?
11
Suppose 117 + 15 = x. Calculate the greatest common factor of x and 363.
33
Suppose 6*f = 2*f + 8. Suppose f*r + 417 = 5*j, -4*j = 3*r - 137 - 215. Calculate the greatest common factor of 17 and j.
17
Let s = -77 - -113. Suppose 6*q + 0*q - s = 0. Let n = 71 - 17. What is the greatest common divisor of q and n?
6
Let c(i) = 2*i + 57. Let g be c(-9). Let u = -8 + 34. Calculate the highest common divisor of g and u.
13
Suppose 5*d = -4*u - 25, 0*u + 3*d + 15 = u. Suppose -w + u*w = -40. Suppose 411*l = 393*l + 180. What is the highest common factor of l and w?
10
Suppose 0*c - 5*c - 5*i = -185, -c + 4*i + 27 = 0. Calculate the highest common factor of 63 and c.
7
Suppose -4 = -2*x - l - 0*l, 0 = -5*x - 3*l + 9. Let i = x - 1. Suppose -i*q + 4 = -14. What is the highest common divisor of q and 3?
3
Suppose -4*a - 2*q - 2 - 6 = 0, 3*a + q = -5. Let s be (9 - -10)/(a/(-3)). Calculate the highest common divisor of 19 and s.
19
Let q(w) = -2*w**3 + w**2 + 5*w - 2. Let z be q(3). Let v = 34 - z. Let g be (6/(-5))/((-3)/110). Calculate the highest common divisor of g and v.
22
Suppose -3*i - 9 = -6*i. Suppose 2*l - 3 - i = 0. Suppose -3*b + 354 = -l*h, -h = -3*b + 25 + 327. What is the greatest common divisor of 13 and b?
13
Let r(h) = 2*h**2 - 19*h - 6. Let w(z) = -2*z - 2. Let v be w(-8). Let j be r(v). Let g = j + -60. Calculate the highest common factor of g and 10.
10
Suppose t + t - 5*f - 1402 = 0, 691 = t - 5*f. Calculate the greatest common divisor of t and 9.
9
Let a be -15*3/21 - 3/(-21). Let g be (-3)/(-1) + a + (-6)/(-2). Calculate the greatest common factor of g and 10.
2
Let n(b) = -b**2 + 5*b - 2. Let y be n(3). Suppose -21 + 5 = -y*p. Suppose 0*q = -3*c - 4*q + 12, q + 3 = 0. What is the greatest common divisor of c and p?
4
Let i = -341 + 476. Calculate the highest common factor of 18 and i.
9
Let g be 5 + (-17)/3 + 55297/33. Calculate the greatest common divisor of g and 67.
67
Suppose -4*o = -5*o + 19. Let d = o + -1. What is the greatest common divisor of d and 18?
18
Suppose -2*o - 4*f = 4, -o + 3*o - 10 = 3*f. Suppose 0 = o*i - 11 + 3. Let g be (-1 + (-6)/8)/(25/(-400)). What is the highest common factor of g and i?
4
Let d(t) = -8 + 2*t + 23 - 8 - t. Let b be d(4). Let j be ((-22)/3)/(2/(-9)). What is the highest common factor of j and b?
11
Let b(u) = -u + 3 + 0 + 4*u + 0. Let o be b(4). Let p = -6 - -51. What is the highest common div